 first derivative of 1/180*c**6 + 3 + 0*c**4 - c**3 + 0*c + 0*c**2 + 1/60*c**5. Let a(q) be the third derivative of l(q). Determine a(-3).
12
Let c(p) = -p**2 - 4. Suppose -3*l + l = -4. Suppose 27 = s + l*s. Suppose -3*k - 3*z = -s, 0 = k - z - 1 + 4. Calculate c(k).
-4
Let b(y) = 2*y - 3. Let d be b(3). Let m = 6 + -3. Let a(v) = 4*v - 2*v + 2*v + m - 3*v. Determine a(d).
6
Let v(y) = y**2 - 8*y - 1 + 4 + 5. Let h(u) = -u + 2. Let s be h(-4). Determine v(s).
-4
Let k(c) = c**3 + 8*c**2 - 9*c - 5. Let p be k(-9). Let g(f) = -4*f**2 + f - 6. Let w(d) = -3*d**2 + 2*d - 5. Let t(l) = 4*g(l) - 5*w(l). Give t(p).
6
Let p(u) = 8*u**2 + 0*u**3 - 11 + 70*u + 2*u**2 - 72*u + u**3. What is p(-10)?
9
Let f(a) be the first derivative of a**3/3 + 2*a**2 - a - 22. What is f(-4)?
-1
Let m = -31/4 + 8. Let o(h) be the first derivative of 0*h - 4/3*h**3 + 1 + m*h**4 + 1/2*h**2. Give o(4).
4
Let h(g) = -6*g - 1. Let t(d) = 2 - 2 + d. Suppose 0 = 7*y - 2*y - 3*k - 11, 10 = 4*y - 3*k. Let z be t(y). What is h(z)?
-7
Let b(u) be the first derivative of u**4/4 + 2*u**3/3 - u + 1. Let d be (-5)/(-10) - (-2)/4. Calculate b(d).
2
Let l(r) be the second derivative of -r**3/3 + r**2/2 - 17*r. Determine l(1).
-1
Let o(r) = r - 4. Suppose -3*c + 4*c + 3 = 0. Let w = 8 + c. What is o(w)?
1
Suppose -10 = -3*y + 5. Suppose 20 = -y*g - 10. Let z(q) = 6*q - 8. Let a(i) = -14*i + 16. Let b(t) = 4*a(t) + 9*z(t). What is b(g)?
4
Let l be (-3 + 21)/3 + -3. Suppose 0 = l*k + k - 12. Let f(q) = -3 - q**2 + 4*q**2 - 2*q**2. Determine f(k).
6
Let q(c) = c**3 + 5*c**2 - 5*c + 1. Suppose -3*y + 4*b - 68 = y, -b - 48 = 4*y. Let l be (-6)/(-9) + y/(-3). Let x = -1 - l. Determine q(x).
-5
Let p(l) = 9*l. Let c(n) = -8*n + 1. Let z(u) = -6*c(u) - 5*p(u). Calculate z(4).
6
Let p(y) = -y**2 + y + 5. Let d(g) = -3*g - 2. Let b be 20/(-15)*3/(-2). Suppose -a = -2*q + 4, 4*a + 3*q + 3 + b = 0. Let t be d(a). What is p(t)?
-7
Let j(y) = -4*y**2 - y - 1. Suppose 3*h - 4*m = 38, 5*m = 4*h - h - 37. Suppose 0 = 5*n + 71 - 21. Let b be (-12)/42 + n/h. Calculate j(b).
-4
Let y(d) = 4*d**2 - 2*d - 2. Let j(s) = -5*s**2 + 2*s + 3. Let m(l) = 3*j(l) + 4*y(l). Determine m(3).
4
Let m = 12 - 10. Let x(z) = 5 - 2*z**3 - 11*z**2 + m*z**3 + 17*z**2 + z**3 + 6*z. Calculate x(-5).
0
Suppose y - 5*y - 14 = 2*d, 2*y + 10 = 0. Suppose -d*h - 2 = -4*h. Let i(l) = -2*l + 2*l + l**h - 2. Determine i(2).
2
Let h(t) = -3*t - 1. Let a(p) = -p**3 + 4*p**2 - 4*p + 3. Let u be a(2). Let y be 1/(u/9*1). Let v = 2 - y. Calculate h(v).
2
Let j(t) be the second derivative of t**4/12 - 5*t**3/6 - 5*t**2/2 - 8*t. Calculate j(5).
-5
Suppose -3 = -3*r + 6. Suppose 0 = -2*m + 11 + 5. Let x(k) = -2 + k + k**r - m + 4. What is x(0)?
-6
Let w = 9 + -15. Let v(s) = 5*s + 14. Let x(u) = u + 1. Let o(z) = w*x(z) + v(z). What is o(0)?
8
Let d = -8 - -8. Let w(q) = d - 5*q + 8*q - q**2 - 3. What is w(3)?
-3
Let l(c) be the first derivative of c**4 + c**3/3 + c**2/2 - c - 11. Give l(1).
5
Let a(y) = -y**3 + 2*y + 2 - 5*y**2 - 1 + 2. Let r be -2 + -3 + 0 + 0. Determine a(r).
-7
Let l(b) = -b + 2. Let y(h) = 3*h + 7. Let s be y(-2). Give l(s).
1
Let c(k) be the third derivative of k**4/12 - k**3/3 - 34*k**2. Determine c(-6).
-14
Suppose -15 = -3*v - 0. Let f(n) = 4*n - 1. What is f(v)?
19
Suppose -11 = -5*m - 3*b - 28, -b = 4. Let n(d) = 2*d**2 + 1. What is n(m)?
3
Let q be 2*1 - (-1 - -2). Let g(y) be the second derivative of -5/6*y**3 + 0*y**2 + 0 + 3*y. Calculate g(q).
-5
Suppose k = 5, d - 3*d - 2*k + 20 = 0. Let b(j) = -6*j + 28. Let w(q) = 2*q - 9. Let n(p) = -2*b(p) - 7*w(p). Calculate n(d).
-3
Suppose 0 = -d - d + 100. Suppose 3*x = -2*x + d. Let y be (-3)/6*x*1. Let n(f) = -f + 5. Determine n(y).
10
Let b(c) = -c**2 + 15*c - 31. Let a be b(13). Let t(i) = -i - 12. Give t(a).
-7
Let x = -2 + 6. Suppose -3*u - 10 = 2*g + 2, u = -g - x. Let c(z) = -7*z**2 - 4*z - 7. Let h(t) = t**2 + 1. Let y(a) = -c(a) - 6*h(a). Determine y(u).
1
Let s(t) = t**3 - 5*t**2 - t - 5. Let a(n) = -n - 1. Let q(w) = 3*a(w) - s(w). Let f be 0*(2 - 3) - -5. Calculate q(f).
-8
Let u(s) = -s - 3. Suppose -8*d = -10*d - 10. Calculate u(d).
2
Let c(s) = -s**2 - 7*s + 1. Let n(m) = m**3 + 6*m**2 - 7. Let o be n(-6). Determine c(o).
1
Let k(c) be the third derivative of -c**4/24 + c**3/3 - 2*c**2. Let r(n) = n**2 + 8*n + 6. Let d be r(-7). Let p be (-2 - -1) + d - 2. Determine k(p).
6
Let i(u) = u**3 - 5*u**2 + 4*u + 2. Let q be i(4). Let k(l) = -2*l**q - 1 - 2*l**2 - 4*l - 1 + 5*l**2. Calculate k(5).
3
Let s(w) = -w - 8. Let k be s(-4). Let z(d) = -2*d + 1. Calculate z(k).
9
Let c(s) = -3*s + 3. Let d = 22 - 25. What is c(d)?
12
Let c = 3 - 0. Let f(s) = s**2 + 3*s. Suppose 5*g = -0*b - 2*b - 23, 5*b = 5*g + 30. Let u(q) = q**2. Let v(x) = b*f(x) - 2*u(x). Determine v(c).
0
Let y(f) = 5*f + 18*f**2 - 19*f**2 + 2*f - 7. Determine y(6).
-1
Let t(d) be the second derivative of d**3/6 + 7*d**2/2 + d. Suppose j = -0 + 15. Suppose -2*a = a + j. Determine t(a).
2
Suppose 0 = 2*p - 2*i, 4*p - 5*i + 4*i - 9 = 0. Let r(y) = -y**2 + y - 4. Determine r(p).
-10
Let x(i) = -2*i**2 - 4*i - 2. Let h be (-2)/5*(-15)/(-3)*1. What is x(h)?
-2
Suppose -7*w = 10*w - 68. Let u(j) = -j - 3. Let x(s) = s + 4. Let m(y) = -4*u(y) - 3*x(y). Calculate m(w).
4
Let d(z) be the third derivative of -2/3*z**3 - z**2 + 1/12*z**5 + 0*z - 1/12*z**4 + 1/120*z**6 + 0. Suppose 4*u - u = -15. Give d(u).
6
Let o(j) = -7*j + 1. Let z be 2/8 + 65/(-52). Give o(z).
8
Let j(y) be the second derivative of y**5/20 + y**4/2 + y**3 + 3*y**2/2 + 8*y. Determine j(-4).
11
Let y(t) be the second derivative of t**4/3 + t**3/2 - 2*t**2 + 5*t. Let n(g) = g**2 + g - 1. Let m(r) = 5*n(r) - y(r). Give m(-2).
-1
Let i(o) = -o**2 - 9*o - 11. Let q(p) = 2*p**2 + 21*p - 19. Let w be q(-11). Determine i(w).
-3
Let d = -10 - -13. Let q(t) = -4 + 3*t**2 + 2*t**3 - 4*t**d + t**3 + 5. Let b be 8/3 - (-2)/6. Calculate q(b).
1
Let l = 4 + -2. Let k(i) = 3*i**2 + 3 - 7*i**2 + 3*i**2 - 2*i + 0*i. Determine k(l).
-5
Suppose -u - 2*u = -21. Let x = 11 - u. Let t(j) = j + x*j**3 + j**3 + 4*j**3 - 1 - 5*j**3. Calculate t(1).
4
Let y(u) = 3*u**3 - u**2 + u. Let j(w) = -8*w**3 + 4*w**2 - 2*w - 1. Let t(h) = 4*j(h) + 11*y(h). Calculate t(-4).
0
Suppose g + 7 = 18. Suppose 2*a - 2*u = -2, 10 + g = -5*a + u. Let h(t) = -t**2 - 6*t - 6. Calculate h(a).
-1
Let b(k) = -2*k + 5. Let m(t) = 1. Let u(q) = -b(q) + 4*m(q). Let v = -22 + 46. Suppose v = 4*i + 4*y, 0*i + 3*y = -2*i + 16. Give u(i).
3
Let l(h) = -4*h + 4. Let t(a) = 3*a - 4. Let n(o) = 2*l(o) + 3*t(o). What is n(11)?
7
Let r(o) = -6*o + 2*o + 4*o + 6*o**2. Calculate r(-1).
6
Let h(d) = 2*d**3 + 4*d**2 - 5*d - 5. Let q be h(-3). Let s(i) = -i**3 - 8*i**2 - 3*i. Determine s(q).
24
Let w(p) be the first derivative of -p**3/3 + 5*p**2/2 - 5*p + 1. Let h(n) = -n + 21. Let s be h(16). Calculate w(s).
-5
Let b(c) = -2*c**3 + 3*c**2 - 2*c + 3. Let x be 2*-3 - (0 - -2). Let w = 10 + x. What is b(w)?
-5
Let a(g) be the first derivative of 4*g - 1/3*g**3 + 1 - 3/2*g**2. Give a(-3).
4
Let p(o) = -o**3 - 4*o**2 - 2*o. Let q(h) = -4*h**3 - 16*h**2 - 8*h - 1. Let s(a) = 9*p(a) - 2*q(a). Let v = -8 + 5. Calculate s(v).
-1
Let j(g) = -g**2 + g - 3. Suppose 3*r = -r + 8*r. Calculate j(r).
-3
Suppose v - 8 = -1. Let c(i) = -5 - 3*i + v + 4*i + 0. Calculate c(-3).
-1
Suppose 0 = 11*n - 5*n. Let w(h) be the second derivative of 2/3*h**3 + n - h**2 - 1/12*h**4 + 3*h. Determine w(3).
1
Let r(p) be the third derivative of 0*p + 0 - p**2 + 5/24*p**4 + 0*p**3. Determine r(-1).
-5
Suppose 6*v + 8*v = 6*v. Let n(p) = p**2 + 7. What is n(v)?
7
Let w(p) = p**2 - 6*p - 4. Let o be w(7). Let n(f) = f**3 - 4*f**2 + 3*f. Calculate n(o).
0
Suppose v + 0*v = -5. Let s(d) = -3*d - 2. Give s(v).
13
Let j(f) = f + 2. Suppose 5*n - 2*n = -6, w = 4*n + 6. Let p be j(w). Let q(z) = z - 6 + 4 - 5. Determine q(p).
-7
Let u(x) = x**2. Let o be 2/(-5 - -3) - -3. Calculate u(o).
4
Let b(q) = 20*q + 32. Let j(v) = 7*v + 11. Let p(h) = 6*b(h) - 17*j(h). Let c = 21 + -21. Determine p(c).
5
Let o(p) = -3*p + 1 - p - p - 6*p. Let w = 1 + 0. What is o(w)?
-10
Let k be ((-12)/(-84))/(1/7). Let c(o) = -3*o**2 - o. Give c(k).
-4
Suppose 4*c - 3*b - 6 = 0, 2*c + 0*b = b + 4. Let d be c + 0 + (3 - 3). Suppose -2*h + 5 = d*h. Let g(x) = 7*x 